Nov 30 21:05:24.980 INFO testing weard1212/TuxenOS against master#8940af3cea4a9a9deabcaf843b2f8cad9a83fc61 for beta-1.31-5
Nov 30 21:05:24.981 INFO running `"docker" "create" "-v" "/mnt/big/crater/work/local/target-dirs/beta-1.31-5/worker-4/master#8940af3cea4a9a9deabcaf843b2f8cad9a83fc61:/target:rw,Z" "-v" "/mnt/big/crater/work/local/test-source/worker-4/beta-1.31-5/master#8940af3cea4a9a9deabcaf843b2f8cad9a83fc61:/source:ro,Z" "-v" "/mnt/big/crater/work/local/cargo-home:/cargo-home:ro,Z" "-v" "/mnt/big/crater/work/local/rustup-home:/rustup-home:ro,Z" "-e" "USER_ID=1000" "-e" "SOURCE_DIR=/source" "-e" "USER_ID=1000" "-e" "CMD=cargo +8940af3cea4a9a9deabcaf843b2f8cad9a83fc61-alt build --frozen" "-e" "CARGO_TARGET_DIR=/target" "-e" "CARGO_INCREMENTAL=0" "-e" "RUST_BACKTRACE=full" "-e" "RUSTFLAGS=--cap-lints=warn" "-e" "CARGO_HOME=/cargo-home" "-e" "RUSTUP_HOME=/rustup-home" "-m" "1536M" "--network" "none" "crater"`
Nov 30 21:05:25.397 INFO [stdout] bd5b055efb40ae40c9b573611d2803d9974a807fb9187d9e6660efef67952451
Nov 30 21:05:25.398 INFO running `"docker" "start" "-a" "bd5b055efb40ae40c9b573611d2803d9974a807fb9187d9e6660efef67952451"`
Nov 30 21:05:26.634 INFO [stderr] usermod: no changes
Nov 30 21:05:26.743 INFO [stderr]    Compiling usize_conversions v0.2.0
Nov 30 21:05:26.743 INFO [stderr]    Compiling os_bootinfo v0.2.1
Nov 30 21:05:26.743 INFO [stderr]    Compiling ux v0.1.2
Nov 30 21:05:26.743 INFO [stderr]    Compiling bitflags v1.0.4
Nov 30 21:05:26.743 INFO [stderr]    Compiling bit_field v0.9.0
Nov 30 21:05:26.743 INFO [stderr]    Compiling cpuio v0.2.0
Nov 30 21:05:26.743 INFO [stderr]    Compiling spin v0.4.9
Nov 30 21:05:26.743 INFO [stderr]    Compiling volatile v0.2.4
Nov 30 21:05:27.103 INFO [stderr] error[E0554]: #![feature] may not be used on the beta release channel
Nov 30 21:05:27.104 INFO [stderr]  --> /cargo-home/registry/src/github.com-1ecc6299db9ec823/usize_conversions-0.2.0/src/lib.rs:6:1
Nov 30 21:05:27.104 INFO [stderr]   |
Nov 30 21:05:27.104 INFO [stderr] 6 | #![feature(i128_type)]
Nov 30 21:05:27.104 INFO [stderr]   | ^^^^^^^^^^^^^^^^^^^^^^
Nov 30 21:05:27.104 INFO [stderr] 
Nov 30 21:05:27.104 INFO [stderr] error: aborting due to previous error
Nov 30 21:05:27.104 INFO [stderr] 
Nov 30 21:05:27.104 INFO [stderr] For more information about this error, try `rustc --explain E0554`.
Nov 30 21:05:27.111 INFO [stderr] error: Could not compile `usize_conversions`.
Nov 30 21:05:27.111 INFO [stderr] warning: build failed, waiting for other jobs to finish...
Nov 30 21:05:27.175 INFO [stderr] error[E0554]: #![feature] may not be used on the beta release channel
Nov 30 21:05:27.175 INFO [stderr]  --> /cargo-home/registry/src/github.com-1ecc6299db9ec823/cpuio-0.2.0/src/lib.rs:4:1
Nov 30 21:05:27.175 INFO [stderr]   |
Nov 30 21:05:27.175 INFO [stderr] 4 | #![feature(asm, const_fn, no_std)]
Nov 30 21:05:27.175 INFO [stderr]   | ^^^^^^^^^^^^^^^^^^^^^^^^^^^^^^^^^^
Nov 30 21:05:27.175 INFO [stderr] 
Nov 30 21:05:27.176 INFO [stderr] error: aborting due to previous error
Nov 30 21:05:27.176 INFO [stderr] 
Nov 30 21:05:27.176 INFO [stderr] For more information about this error, try `rustc --explain E0554`.
Nov 30 21:05:27.199 INFO [stderr] error: Could not compile `cpuio`.
Nov 30 21:05:27.200 INFO [stderr] warning: build failed, waiting for other jobs to finish...
Nov 30 21:05:27.260 INFO [stderr] error[E0554]: #![feature] may not be used on the beta release channel
Nov 30 21:05:27.260 INFO [stderr]  --> /cargo-home/registry/src/github.com-1ecc6299db9ec823/spin-0.4.9/src/lib.rs:6:35
Nov 30 21:05:27.260 INFO [stderr]   |
Nov 30 21:05:27.260 INFO [stderr] 6 | #![cfg_attr(feature = "const_fn", feature(const_fn))]
Nov 30 21:05:27.260 INFO [stderr]   |                                   ^^^^^^^^^^^^^^^^^
Nov 30 21:05:27.260 INFO [stderr] 
Nov 30 21:05:27.260 INFO [stderr] error: aborting due to previous error
Nov 30 21:05:27.270 INFO [stderr] 
Nov 30 21:05:27.270 INFO [stderr] For more information about this error, try `rustc --explain E0554`.
Nov 30 21:05:27.299 INFO [stderr] error: Could not compile `spin`.
Nov 30 21:05:27.299 INFO [stderr] warning: build failed, waiting for other jobs to finish...
Nov 30 21:05:44.571 INFO [stderr] error: build failed
Nov 30 21:05:44.572 INFO [stderr] su: No module specific data is present
Nov 30 21:05:45.645 INFO running `"docker" "inspect" "bd5b055efb40ae40c9b573611d2803d9974a807fb9187d9e6660efef67952451"`
Nov 30 21:05:46.046 INFO running `"docker" "rm" "-f" "bd5b055efb40ae40c9b573611d2803d9974a807fb9187d9e6660efef67952451"`
Nov 30 21:05:46.409 INFO [stdout] bd5b055efb40ae40c9b573611d2803d9974a807fb9187d9e6660efef67952451
